 units digit of r?
8
Suppose 2*g - 9*g = 70. Let t be (0 - 12) + (-12 - g). Let y(s) = s**3 + 14*s**2 - s - 1. What is the tens digit of y(t)?
1
Suppose -2*d - 450 = -8*d. What is the units digit of (d/(-20))/(-1 - 28/(-32))?
0
Let j be -4 - (-3 - 16/4). Suppose -t = -j*t + 12. Suppose -2*c - r + 47 = 0, 3*c - 2*c - 3*r = t. What is the units digit of c?
1
Let h(s) be the third derivative of s**5/60 - 3*s**4/8 + 13*s**3/6 + 6*s**2. Suppose -5*d + 19 = -31. What is the tens digit of h(d)?
2
Suppose -g = -3*h - 11, -h + 0*h + 5*g - 27 = 0. Let j be (3 - (-7)/h)*6. What is the units digit of j + 18/3 + 1?
4
Let d = -124 + 69. Let x = -129 + 101. Let w = x - d. What is the tens digit of w?
2
Suppose 6*k - 4*k = -4*k. Let y(m) = -m + 105. What is the units digit of y(k)?
5
Let f be (1/1 - 0)*-5. Let c be 26 - 4 - (-3 - 6/(-1)). Let q = c - f. What is the tens digit of q?
2
Suppose -5*q + 75 = -3*c, 5*q = 2*c - 4*c - 25. Let p(y) = -y**3 - 19*y**2 + 12*y - 11. What is the units digit of p(c)?
9
Suppose 10678 = -31*v + 50*v. What is the units digit of v?
2
Suppose -2*r - 4*d - 6 = 0, r + d + 40 = -3*r. Suppose 5*h = 3*n + 14, -5*h + 20 - 2 = -n. What is the tens digit of (-456)/(-33) - n/r?
1
Let k = -8101 + 11830. What is the units digit of k?
9
Suppose -7*y + 1 = -6*y. What is the tens digit of (y + 19)/(32/80)?
5
What is the units digit of (-1861 + -2)/(-3) + -2?
9
Suppose 3*j + 15 - 27 = 0. Suppose -20 - 44 = -j*f. What is the units digit of f?
6
Let q = -3403 + 6009. What is the thousands digit of q?
2
Suppose -5*l = 2*h - 92, 0*l - 28 = -l + 2*h. Suppose 4*d = 9*d - l. What is the units digit of d?
4
Let f(m) = 2*m**2 + 5*m + 16. Let h = 56 - 63. What is the tens digit of f(h)?
7
Let y(x) be the second derivative of -9*x**5/4 - x**3/3 - x**2/2 - 4*x. What is the tens digit of y(-1)?
4
Suppose -82*d + 82880 = -12*d. What is the thousands digit of d?
1
Suppose 4*k - 930 = 3*o, -2*k + o + 366 + 98 = 0. What is the units digit of k?
1
Suppose 0 = -2*y - 3*y. Suppose y = 3*u - 5 + 2. What is the tens digit of ((-2)/1*-24)/u?
4
Let d = 3073 - -2276. What is the tens digit of d?
4
Let g = 57 - 51. Let h(m) = m**2 + 11*m + 2. What is the units digit of h(g)?
4
What is the units digit of (-59)/(-177) - (-604)/6?
1
What is the hundreds digit of ((-7)/(-7) - 218)*-1?
2
Let h = 82 + -152. What is the units digit of (-1225)/h*(1 + (-37)/(-5))?
7
Let b(t) = -t**3 - 7*t**2 - 11*t - 22. Let q be b(-7). What is the units digit of -1 - (-6280)/q - (-6)/(-33)?
3
What is the tens digit of (-7834)/(-18) - 1 - 28/126?
3
Let i be (2 - 6) + 0 + -3. What is the tens digit of 2/i + (-652)/(-28)?
2
Let c = -55 - -58. Suppose -2*p + 4*p = c*o - 84, 4*p + 84 = 3*o. What is the units digit of o?
8
Suppose -9044 = -10*c + 3*c. What is the hundreds digit of c?
2
Let h(q) = 97*q - 427. What is the units digit of h(48)?
9
Suppose 2*c + 2*c = -5*a + 1863, -377 = -a - 3*c. What is the units digit of a?
1
What is the hundreds digit of 226 - 2/(-3)*81/27?
2
Let q(n) = -n**3 - 8*n**2 + 10*n + 11. Let b be q(-9). Suppose b*u - 3*u = -62. What is the units digit of u?
2
Suppose -1786 = -4*k - 2*s, -3*k + 2*s + 1350 = -0*s. What is the tens digit of k?
4
Let y be (-112)/49 - (-4)/14 - -2. What is the units digit of (2 + y)/(14/56)?
8
Let t(u) = 114*u - 345. What is the units digit of t(19)?
1
Let l = -3 - -5. Suppose h - t = -5*t + 65, -4*t - 70 = -l*h. Suppose 2*a + h = 5*a. What is the tens digit of a?
1
Suppose 4*y = -2*y + 1002. What is the tens digit of y?
6
Suppose -26*m = -28*m. Suppose m = x - 6*x + 155. What is the units digit of x?
1
Let y be (-2)/((-604)/596 + 1). Let m = y - 104. What is the units digit of m + 6 + (1 - 2)?
0
Suppose 4*s + 0*u - 1217 = -3*u, 4*s + u - 1227 = 0. What is the tens digit of s?
0
Let l be 76/(-20) + (-1)/5. Let u be 1 + 1/(l/(-20)). Let y(i) = -i**2 + 9*i - 3. What is the units digit of y(u)?
5
Let z be ((-1463)/38)/((-1)/4). What is the hundreds digit of z - (-12)/(-8)*-2?
1
Suppose -2546 + 12166 = 20*s. What is the hundreds digit of s?
4
What is the hundreds digit of (-1 - (-700)/8)*(-4)/(-2)?
1
Let i = 8 + -6. Suppose x - 46 = i. Let v = x - 30. What is the units digit of v?
8
Let g(x) = x. Let b be g(6). What is the units digit of 25/10 - (-369)/b?
4
Let l(a) be the third derivative of 7*a**4/12 + a**3/6 + 7*a**2. What is the tens digit of l(5)?
7
Let a(v) = 435*v**3 - 2*v**2 + 2. What is the units digit of a(1)?
5
Let k(b) = -b**2 + 23*b + 44. Suppose a + 5*u - 2 = 0, -4*a = -0*u - u - 71. What is the units digit of k(a)?
6
Let i = -107 - -128. Let a = 300 + i. What is the tens digit of a?
2
Suppose 0 = 5*g - 2*v - 682, 12*g - 13*g = -5*v - 141. What is the units digit of g?
6
Suppose -4*w + 4 = -4. Suppose -w*h - 3*h + 55 = 0. What is the units digit of h?
1
Suppose -b + 336 = 3*b. Let a be 1 + 0 - b/(-12). What is the units digit of -2*11*(-4)/a?
1
Let j = 970 + -275. What is the tens digit of j?
9
Let x = 352 + 345. What is the hundreds digit of x?
6
Let t = 9 + -11. Let o be (6 + -2 + -2)/t. What is the tens digit of 5*((-36)/15)/o?
1
Let u(r) = -5*r**2 + 8*r - 11. Let z be u(2). What is the units digit of 4/(-6) - 70/z?
4
Suppose 0 = 28*t - 3145 - 2091. What is the tens digit of t?
8
Suppose -267 = 5*l + m, -3*l - 163 = 3*m - m. Let w = 61 + l. What is the units digit of w?
8
Suppose q - 355 = z - 1250, -10 = 2*q. What is the tens digit of z?
9
Let m(l) = l**3 - l**2 - l + 2353. What is the hundreds digit of m(0)?
3
Let v = -2 + 2. Suppose -5*m - 5 + 0 = v. What is the units digit of ((-8)/4 - m)*-3?
3
Let f = 9 - 4. Let z(k) = 2*k + 8. What is the units digit of z(f)?
8
Let x(h) = h - 9. Suppose 4*s + t - 32 = 0, 5*t = -4*s + 15 + 17. Let m be x(s). Let q = m + 4. What is the units digit of q?
3
Suppose 5*z - 122 = -3*l, -z + 3*z - 36 = 2*l. Suppose -v - h + 4*h = -6, -3*v + 5*h + z = 0. Suppose -v*p + 3*p + 54 = 0. What is the units digit of p?
9
Let w be (-1515)/(-25) - (-2)/5. Let u be 1*w/(-2)*-6. Let q = -128 + u. What is the tens digit of q?
5
Suppose -2*r + 2*h = -h - 417, 4*r = 5*h + 831. Suppose -3*z + 308 = -5*d, 5*z - 256 = -5*d + r. What is the tens digit of z?
9
Let s = -1130 - -2189. What is the units digit of s?
9
Let f(z) = -z + 7. Let b be f(4). Suppose -b*n = -5*q + 1 + 29, 4*n - 47 = -3*q. Suppose -4*w - 10 = -q*w. What is the units digit of w?
2
What is the tens digit of 4 + -4 + (-15)/(-2 - -1)?
1
Suppose 5*y = 3*o - 166, -56 - 122 = 5*y + o. Let a be (-14)/y*(5 + 0). What is the units digit of (-15)/3*a/(-5)?
2
Let a be 4/(-14) + 69/21. Suppose -142 = -6*f + 530. Suppose -a*q + f = 4. What is the tens digit of q?
3
Let k = 70 + -28. Suppose -c + 0 + k = 0. What is the tens digit of c?
4
Suppose 282 = 9*n - 1527. What is the units digit of n?
1
Let m be (-3)/(-7) + 5 + (-972)/14. Let x = -51 - m. What is the tens digit of x?
1
Let l be (48/(-32))/((-3)/100). What is the units digit of (-5)/l + 771/10?
7
Suppose -76 - 14 = -5*k. Suppose -5*q = k + 12. What is the tens digit of (q + -1)*(1 - 6)?
3
Let z(o) = -o**3 - 7*o**2 - 12*o + 28. What is the tens digit of z(-12)?
9
Suppose 4*v + 2*j - 2468 = -0*j, -j = -2*v + 1242. What is the hundreds digit of v?
6
Let g be 4/8*2*10. Suppose g*a + 2 = 9*a, -2*j + 16 = a. What is the units digit of j?
9
Suppose -s + 102 = -258. What is the hundreds digit of s?
3
Suppose 7*m = 2 + 5. Suppose 3*l = 2*d - 99, l + 0*l = m. What is the tens digit of d?
5
Let q be (6/5)/(4/10). What is the tens digit of (-120)/(-3) + q - 0?
4
Let a = 278 - 144. Let l = a - -11. What is the tens digit of l?
4
Let c(k) = k**3 + 2 - 10*k**2 + 6*k + 7 - 2*k + 4*k. Let z be c(9). Suppose z = -q - 0 - 1, -2*q - 54 = -4*x. What is the units digit of x?
3
What is the units digit of -3 - 0 - (-3 - 949)?
9
Let r = -219 - -360. Suppose -37 = -d + r. What is the units digit of d?
8
Let x(d) = 8*d**2 - 31*d + 69. What is the hundreds digit of x(18)?
1
What is the tens digit of 14/28*7568/2?
9
Let t be (-1)/4*-4*241. Suppose t + 54 = 5*r. What is the units digit of r?
9
Suppose -63427 = -21*w + 58625. What is the thousands digit of w?
5
Let r(p) = -p**3 + 3*p**2 + 5. Let j be r(0). Let n = j - -15. What is the units digit of n?
0
Let h(n) = -n**3 + n**2 - 11*n - 66. What is the tens digit of h(-7)?
0
Let j(n)